{"id":15950,"date":"2018-06-01T19:12:33","date_gmt":"2018-06-01T17:12:33","guid":{"rendered":"http:\/\/neretvansko-zlato.org\/test\/?page_id=15950"},"modified":"2021-09-24T03:47:55","modified_gmt":"2021-09-24T01:47:55","slug":"neretvansko-zlato","status":"publish","type":"page","link":"https:\/\/neretvansko-zlato.org\/shop\/neretvansko-zlato\/","title":{"rendered":"O NAMA"},"content":{"rendered":"<div class=\"slider-wrapper relative\" id=\"slider-1673836446\" >\n    <div class=\"slider slider-nav-circle slider-nav-large slider-nav-light slider-style-normal\"\n        data-flickity-options='{\n            \"cellAlign\": \"center\",\n            \"imagesLoaded\": true,\n            \"lazyLoad\": 1,\n            \"freeScroll\": false,\n            \"wrapAround\": true,\n            \"autoPlay\": 6000,\n            \"pauseAutoPlayOnHover\" : true,\n            \"prevNextButtons\": true,\n            \"contain\" : true,\n            \"adaptiveHeight\" : true,\n            \"dragThreshold\" : 10,\n            \"percentPosition\": true,\n            \"pageDots\": true,\n            \"rightToLeft\": false,\n            \"draggable\": true,\n            \"selectedAttraction\": 0.1,\n            \"parallax\" : 0,\n            \"friction\": 0.6        }'\n        >\n        \r\n\r\n\n  <div class=\"banner has-hover\" id=\"banner-826809806\">\n          <div class=\"banner-inner fill\">\n        <div class=\"banner-bg fill\" >\n            <img decoding=\"async\" width=\"995\" height=\"619\" src=\"https:\/\/neretvansko-zlato.org\/shop\/wp-content\/uploads\/2013\/08\/neretva1.jpg\" class=\"bg attachment-large size-large\" alt=\"dolina\" loading=\"lazy\" title=\"\">                                    \n                    <\/div>\n\t\t\n        <div class=\"banner-layers container\">\n            <div class=\"fill banner-link\"><\/div>               <div id=\"text-box-1690331038\" class=\"text-box banner-layer x50 md-x50 lg-x50 y50 md-y50 lg-y50 res-text\">\n                     <div data-animate=\"fadeIn\">           <div class=\"text-box-content text dark\">\n              \n              <div class=\"text-inner text-center\">\n                  \r\n<h3 class=\"alt-font\">TKO SMO?<\/h3>\r\n____\r\n<h3>NERETVANSKO ZLATO JE INCIJATIVA POLJOPRIVREDNIH PROIZVO\u0110A\u010cA IZ KOMINA, DOLINA NERETVE, U ZAJEDNI\u010cKOM ISTUPU NA TR\u017dI\u0160TU TE PLASMANU VLASTITIH PROIZVODA.<\/h3>\r\n____<a href=\"http:\/\/neretvansko-zlato.org\/test\/shop-2\/\" class=\"button primary\"  >\n\t\t<span>WEB TRGOVINA<\/span>\n\t<\/a>\n\r\n\r\n              <\/div>\n           <\/div>\n       <\/div>                     \n<style>\n#text-box-1690331038 {\n  width: 60%;\n}\n#text-box-1690331038 .text-box-content {\n  font-size: 100%;\n}\n@media (min-width:550px) {\n  #text-box-1690331038 {\n    width: 60%;\n  }\n}\n<\/style>\n    <\/div>\n         <\/div>\n      <\/div>\n\n            \n<style>\n#banner-826809806 {\n  padding-top: 600px;\n}\n<\/style>\n  <\/div>\n\n\r\n\r\n\n  <div class=\"banner has-hover\" id=\"banner-888490168\">\n          <div class=\"banner-inner fill\">\n        <div class=\"banner-bg fill\" >\n            <img decoding=\"async\" width=\"1020\" height=\"398\" src=\"https:\/\/neretvansko-zlato.org\/shop\/wp-content\/uploads\/2013\/08\/dolina-neretve-1024x400.jpg\" class=\"bg attachment-large size-large\" alt=\"dolina\" loading=\"lazy\" title=\"\">                                    \n                    <\/div>\n\t\t\n        <div class=\"banner-layers container\">\n            <div class=\"fill banner-link\"><\/div>               <div id=\"text-box-1403928169\" class=\"text-box banner-layer x50 md-x50 lg-x50 y50 md-y50 lg-y50 res-text\">\n                     <div data-animate=\"fadeIn\">           <div class=\"text-box-content text dark\">\n              \n              <div class=\"text-inner text-center\">\n                  \r\n<h3 class=\"alt-font\">VIZIJA<\/h3>\r\n____\r\n<h4>\u017dELIMO OSTVARITI ZDRAV I PRIJATELJSKI ODNOS IZME\u0110U NAS KAO PROIZVO\u0110A\u010cA TE NA\u0160IH KUPACA. OSLU\u0160KIVATI POTREBE I NAVIKE KUPACA TE PROIZVODITI \u0160TO JE VI\u0160E MOGU\u0106E U SKLADU EKOLO\u0160KIH STANDARDA I ORGANSKOG UZGOJA. \u017dELJA NAM JE OVOJ NA\u0160OJ INCIJATIVI PRIKLJU\u010cITI \u0160TO VE\u0106I BROJ MALIH OBITELJSKIH POLJOPRIVREDNIH GOSPODARSTAVA KOJI TAKVE STANDARDE ZADOVOLJAVAJU TE SKUPA PLASIRATI VLASTITE PROIZVODE ONIMA KOJI TE ISTE PROIZVODE TREBAJU I \u017dELE.<\/h4>\r\n____<a href=\"#\" class=\"button primary\"  >\n\t\t<span>Shop now<\/span>\n\t<\/a>\n\r\n\r\n              <\/div>\n           <\/div>\n       <\/div>                     \n<style>\n#text-box-1403928169 {\n  width: 60%;\n}\n#text-box-1403928169 .text-box-content {\n  font-size: 100%;\n}\n@media (min-width:550px) {\n  #text-box-1403928169 {\n    width: 60%;\n  }\n}\n<\/style>\n    <\/div>\n         <\/div>\n      <\/div>\n\n            \n<style>\n#banner-888490168 {\n  padding-top: 600px;\n}\n<\/style>\n  <\/div>\n\n\r\n\r\n\n  <div class=\"banner has-hover\" id=\"banner-442024292\">\n          <div class=\"banner-inner fill\">\n        <div class=\"banner-bg fill\" >\n            <img decoding=\"async\" width=\"1020\" height=\"398\" src=\"https:\/\/neretvansko-zlato.org\/shop\/wp-content\/uploads\/2013\/08\/dolina-neretve-1024x400.jpg\" class=\"bg attachment-large size-large\" alt=\"dolina\" loading=\"lazy\" title=\"\">                                    \n                    <\/div>\n\t\t\n        <div class=\"banner-layers container\">\n            <div class=\"fill banner-link\"><\/div>               <div id=\"text-box-1456617387\" class=\"text-box banner-layer x50 md-x50 lg-x50 y50 md-y50 lg-y50 res-text\">\n                     <div data-animate=\"fadeIn\">           <div class=\"text-box-content text dark\">\n              \n              <div class=\"text-inner text-center\">\n                  \r\n<h3 class=\"alt-font\">Misija<\/h3>\r\n____\r\n\r\nHRVATSKI PROIZVOD MORA PRONA\u010cI MJESTO U SVAKOM HRVATSKOM KU\u0106ANSTVU. TO JE NA\u0160A MISAO VODILJA.\r\n<h4>TE\u017dIMO IZRADNJI VLASTITOG TR\u017dI\u0160TA I OSVAJANU NOVIH TE PLASIRANJU VLASTITIH PROIZVODA IZRAVNO NA\u0160IM KUPCIMA BEZ POSREDNIKA. \u017dELJA NAM JE PLASIRATI NA\u0160E PROIZVODE IZRAVNO ONIMA KOJI IH TREBAJU I \u017dELE BEZ POSREDNIKA, BEZ VELETRGOVACA I SVIH ONIH KOJI SE NEPOTREBNO NALEZE U LANCU PROIZVODNJE I KUPNJE.<\/h4>\r\n____<a href=\"#\" class=\"button primary\"  >\n\t\t<span>Shop now<\/span>\n\t<\/a>\n\r\n\r\n              <\/div>\n           <\/div>\n       <\/div>                     \n<style>\n#text-box-1456617387 {\n  width: 60%;\n}\n#text-box-1456617387 .text-box-content {\n  font-size: 100%;\n}\n@media (min-width:550px) {\n  #text-box-1456617387 {\n    width: 60%;\n  }\n}\n<\/style>\n    <\/div>\n         <\/div>\n      <\/div>\n\n            \n<style>\n#banner-442024292 {\n  padding-top: 600px;\n}\n<\/style>\n  <\/div>\n\n\r\n\r\n\n  <div class=\"banner has-hover\" id=\"banner-1972287283\">\n          <div class=\"banner-inner fill\">\n        <div class=\"banner-bg fill\" >\n            <img decoding=\"async\" width=\"995\" height=\"619\" src=\"https:\/\/neretvansko-zlato.org\/shop\/wp-content\/uploads\/2013\/08\/neretva1.jpg\" class=\"bg attachment-large size-large\" alt=\"dolina\" loading=\"lazy\" title=\"\">                                    \n                    <\/div>\n\t\t\n        <div class=\"banner-layers container\">\n            <div class=\"fill banner-link\"><\/div>               <div id=\"text-box-1797198110\" class=\"text-box banner-layer x50 md-x50 lg-x50 y50 md-y50 lg-y50 res-text\">\n                     <div data-animate=\"fadeIn\">           <div class=\"text-box-content text dark\">\n              \n              <div class=\"text-inner text-center\">\n                  \r\n<h3 class=\"alt-font\">Misija<\/h3>\r\n____\r\n<h4>ZBOG SVIH TIH RAZLOGA UVELI SMO DOSTAVU SVJE\u017dE UBRANOG VO\u0106A I OSTALIH NA\u0160IH PROIZVODA DIREKTNO OD NAS PROIZVO\u0110A\u010cA DO VA\u0160EG STOLA. PONUDU NA\u0160IH PAKETA POGLEDAJTE U NASEM WEBSHOPU<\/h4>\r\n____<a href=\"#\" class=\"button primary\"  >\n\t\t<span>Shop now<\/span>\n\t<\/a>\n\r\n\r\n              <\/div>\n           <\/div>\n       <\/div>                     \n<style>\n#text-box-1797198110 {\n  width: 60%;\n}\n#text-box-1797198110 .text-box-content {\n  font-size: 100%;\n}\n@media (min-width:550px) {\n  #text-box-1797198110 {\n    width: 60%;\n  }\n}\n<\/style>\n    <\/div>\n         <\/div>\n      <\/div>\n\n            \n<style>\n#banner-1972287283 {\n  padding-top: 600px;\n}\n<\/style>\n  <\/div>\n\n\r\n\r\n     <\/div>\n\n     <div class=\"loading-spin dark large centered\"><\/div>\n\n\t<\/div>\n\n\n<div class=\"row\"  id=\"row-1048283706\">\n\n\n\t<div id=\"col-1145076668\" class=\"col medium-4 large-4\"  >\n\t\t\t\t<div class=\"col-inner\"  >\n\t\t\t\n\t\t\t\n\n\n\t<a class=\"plain\" href=\"http:\/\/neretvansko-zlato.org\/test\/dostava\/\" >\t<div class=\"icon-box featured-box icon-box-left text-left\"  >\n\t\t\t\t\t<div class=\"icon-box-img\" style=\"width: 42px\">\n\t\t\t\t<div class=\"icon\">\n\t\t\t\t\t<div class=\"icon-inner\" >\n\t\t\t\t\t\t\t\t\t\t\t<\/div>\n\t\t\t\t<\/div>\n\t\t\t<\/div>\n\t\t\t\t<div class=\"icon-box-text last-reset\">\n\t\t\t<h5 class=\"uppercase\">BRZA I SIGURNA DOSTAVA<\/h5>\t\t\t\t\t\t\n\n<p>\u017dELJA NAM SVAKODNEVNO OPSKRBLJIVATI \u0160TO JE MOGU\u0106E VI\u0160E KU\u0106ANSTAVA DILJEM HRVATSKE DAROVIMA JUGA I NERETVANSKE DOLINE.<\/p>\n\n\t\t<\/div>\n\t<\/div>\n\t<\/a>\n\t\n\n\t\t<\/div>\n\t\t\t\t\t<\/div>\n\n\t\n\n\t<div id=\"col-1742340552\" class=\"col medium-4 large-4\"  >\n\t\t\t\t<div class=\"col-inner\"  >\n\t\t\t\n\t\t\t\n\n\n\t\t<div class=\"icon-box featured-box icon-box-left text-left\"  >\n\t\t\t\t\t<div class=\"icon-box-img\" style=\"width: 60px\">\n\t\t\t\t<div class=\"icon\">\n\t\t\t\t\t<div class=\"icon-inner\" >\n\t\t\t\t\t\t\t\t\t\t\t<\/div>\n\t\t\t\t<\/div>\n\t\t\t<\/div>\n\t\t\t\t<div class=\"icon-box-text last-reset\">\n\t\t\t<h5 class=\"uppercase\">Na\u0161a vizija<\/h5>\t\t\t\t\t\t\n\n<p>\u017dELIMO OSTVARITI ZDRAV I PRIJATELJSKI ODNOS IZME\u0110U NAS KAO PROIZVO\u0110A\u010cA TE NA\u0160IH KUPACA. OSLU\u0160KIVATI POTREBE I NAVIKE KUPACA TE PROIZVODITI \u0160TO JE VI\u0160E MOGU\u0106E U SKLADU EKOLO\u0160KIH STANDARDA I ORGANSKOG UZGOJA.\n\n<\/p>\n\n\t\t<\/div>\n\t<\/div>\n\t\n\t\n\n\t\t<\/div>\n\t\t\t\t\t<\/div>\n\n\t\n\n\t<div id=\"col-210345299\" class=\"col medium-4 large-4\"  >\n\t\t\t\t<div class=\"col-inner\"  >\n\t\t\t\n\t\t\t\n\n\n\t\t<div class=\"icon-box featured-box icon-box-left text-left\"  >\n\t\t\t\t\t<div class=\"icon-box-img\" style=\"width: 60px\">\n\t\t\t\t<div class=\"icon\">\n\t\t\t\t\t<div class=\"icon-inner\" >\n\t\t\t\t\t\t\t\t\t\t\t<\/div>\n\t\t\t\t<\/div>\n\t\t\t<\/div>\n\t\t\t\t<div class=\"icon-box-text last-reset\">\n\t\t\t<h5 class=\"uppercase\">MISIJA<\/h5>\t\t\t\t\t\t\n\n<p>DOMA\u0106I PROIZVOD MORA PRONA\u0106I MJESTO U SVAKOM HRVATSKOM KU\u0106ANSTVU. TO JE NA\u0160A MISAO VODILJA.<\/p>\n\n\t\t<\/div>\n\t<\/div>\n\t\n\t\n\n\t\t<\/div>\n\t\t\t\t\t<\/div>\n\n\t\n\n<\/div>\n","protected":false},"excerpt":{"rendered":"","protected":false},"author":1,"featured_media":0,"parent":0,"menu_order":0,"comment_status":"closed","ping_status":"closed","template":"","meta":{"footnotes":""},"class_list":["post-15950","page","type-page","status-publish","hentry"],"_links":{"self":[{"href":"https:\/\/neretvansko-zlato.org\/shop\/wp-json\/wp\/v2\/pages\/15950","targetHints":{"allow":["GET"]}}],"collection":[{"href":"https:\/\/neretvansko-zlato.org\/shop\/wp-json\/wp\/v2\/pages"}],"about":[{"href":"https:\/\/neretvansko-zlato.org\/shop\/wp-json\/wp\/v2\/types\/page"}],"author":[{"embeddable":true,"href":"https:\/\/neretvansko-zlato.org\/shop\/wp-json\/wp\/v2\/users\/1"}],"replies":[{"embeddable":true,"href":"https:\/\/neretvansko-zlato.org\/shop\/wp-json\/wp\/v2\/comments?post=15950"}],"version-history":[{"count":0,"href":"https:\/\/neretvansko-zlato.org\/shop\/wp-json\/wp\/v2\/pages\/15950\/revisions"}],"wp:attachment":[{"href":"https:\/\/neretvansko-zlato.org\/shop\/wp-json\/wp\/v2\/media?parent=15950"}],"curies":[{"name":"wp","href":"https:\/\/api.w.org\/{rel}","templated":true}]}}